Calculate the greatest common factor of q and 17.
17
Suppose 5*j = -4*o + 83, -2*o + 3*j + 5 = -42. What is the greatest common factor of o and 154?
22
Let q be 5/((-10)/(-4)) + (-2 - -9). Let s = q - 1. Suppose 2*g = -5*o + 6, 0 = g + 5*o + 3 - 1. What is the highest common factor of g and s?
8
Suppose 12*g - 3780 = -3*g. Calculate the greatest common divisor of 28 and g.
28
Let k = 148 - 78. Let l(o) = 2*o + 4. Let z be l(3). Let s be (-4)/z + (-156)/(-15). Calculate the highest common factor of s and k.
10
Let b(y) = -y**2 - 71*y - 630. Let n be b(-12). What is the greatest common divisor of n and 60?
6
Suppose -2*i + 0*i = -144. Suppose -z + i = 3*z. Let l(d) = d**2 - 12*d + 38. Let c be l(8). What is the greatest common divisor of c and z?
6
Suppose 2*j - 2*l - 10 = 0, 19*l - 14*l = -j + 5. Calculate the highest common divisor of j and 235.
5
Suppose -5*b - 3*w + 196 = -5*w, 0 = -2*b - 5*w + 61. Let p = b - 35. What is the greatest common divisor of p and 3?
3
Suppose -6*a = -4*a + 32. Let o be (-3)/24*6*a. Let c be (6/o)/((-1)/(-10)). What is the highest common factor of 15 and c?
5
Let f be 27*2 - 0 - -2. Suppose -6*y + 2*y + f = 0. Calculate the greatest common factor of y and 2.
2
Suppose 5*d - 6 = 7*d. Let q be ((-30)/18)/(1/d). Suppose -q*a = -a - 20. Calculate the greatest common factor of 20 and a.
5
Let i = -22 - -34. Let s(n) = -8*n + 20. Let y(q) = 8*q - 19. Let x(w) = 6*s(w) + 8*y(w). Let z be x(8). What is the highest common divisor of z and i?
12
Suppose -z + 15*c - 14*c = -64, c = 2*z - 128. What is the greatest common factor of 88 and z?
8
Let m be ((-2538)/(-135))/(4/(-10)). Suppose 0 = -4*l - 5*y - 101 - 40, -l - 34 = y. Let f = l - m. What is the highest common factor of 27 and f?
9
Suppose 2*u = -2*n + 18 + 52, 4*n - 185 = 5*u. Suppose 6*g - 15 = 3*g - 2*f, 2*g = f + 3. Suppose o - g*o = -16. What is the highest common factor of n and o?
8
Let y(l) = -l**3 + 7*l**2 + 18*l + 3. Let w be 19/2 + (-15)/30. Let j be y(w). What is the greatest common divisor of 7 and j?
1
Suppose 5*h + 2*s = -s + 30, -h - 4*s + 23 = 0. Let k be 233/h - (-1)/9*-6. What is the greatest common factor of 11 and k?
11
Let p = -13 - -14. Let n = -1 + p. Suppose n = l - 8 + 2. What is the greatest common divisor of 42 and l?
6
Let u = -31 - -32. Let o be (1/3*3)/u. Calculate the greatest common divisor of o and 9.
1
Suppose -9*k + 2*p + 202 = -6*k, 4*k - 4*p = 272. What is the highest common divisor of 165 and k?
33
Let x(b) = -b. Suppose -y + 15 = 4*h, -7 = y + 3*h - 20. Let c be x(y). Let v = c + 13. Calculate the greatest common factor of 6 and v.
6
Suppose -1344 + 372 = -2*w. What is the greatest common divisor of w and 2?
2
Let b(z) = -2*z**2 - 23*z + 23. Let y be b(-12). Suppose -2*j + 113 - 91 = 0. Calculate the greatest common factor of y and j.
11
Suppose 0 = -5*b + 2*b + 24. Let p(x) = 4*x - x**3 + 5 - 12 + 7*x + b*x**2. Let l be p(8). What is the highest common divisor of l and 9?
9
Let u = -477 - -505. Suppose -126 = 5*i - 476. Calculate the highest common divisor of u and i.
14
Suppose -3*p + 207 = -5*c, -80 - 135 = 5*c - 5*p. Let n be 1/((5/c)/(-5)). Calculate the greatest common divisor of n and 13.
13
Suppose 60*l = 23*l + 74. Let j be (-9)/9 + (-10)/(-1). What is the highest common divisor of l and j?
1
Suppose -t + 2*c - 19 = 5*c, c = -t - 11. Let a = t + -2. Let z be (-3)/(-9) + (-123)/a. Calculate the greatest common factor of z and 154.
14
Suppose -6*f + 56 = -2*f. Suppose 3*w + q + 3 = 0, -3*w + 3*q - 1 = f. Let l be (92/(-69))/(w/18). Calculate the greatest common divisor of 24 and l.
12
Suppose 5*n + 2*j = 114 + 57, 3*j = 2*n - 57. What is the greatest common divisor of n and 209?
11
Let i(d) = -d**3 - 17*d**2 + 24. Let k be i(-17). Suppose 2*o = -7*o + 144. What is the greatest common divisor of k and o?
8
Suppose 0 = 4*k - 25 + 9. Suppose 3*y - 5*y - 50 = -k*t, -t = -3*y. Let s = t + -14. Calculate the highest common factor of 10 and s.
1
Let w(b) = 13*b**2 - 42*b - 3. Let s be w(5). Calculate the greatest common divisor of s and 176.
16
Let n(g) = 5*g**2 + 10*g - 27. Let d be n(-6). Calculate the highest common factor of d and 155.
31
Let q(c) = -c + 7. Let n = -2 - 3. Let w be q(n). Calculate the highest common divisor of w and 12.
12
Let z be ((-11)/(-11))/((-2)/(-6)). Suppose 273 = -4*s - z*b, -31 = -3*s - 3*b - 235. Let r = s + 144. Calculate the greatest common factor of r and 25.
25
Let g be 7*(-5 + 266/49). Calculate the highest common divisor of 129 and g.
3
Let y = 0 - -12. Let u = 19 - y. Calculate the highest common factor of 28 and u.
7
Suppose -k - 13 = -4*z - 2*k, -k = -5*z + 23. Suppose 0 = z*h - 11 + 3. Suppose 0 = h*b - 0 - 36. Calculate the greatest common divisor of 27 and b.
9
Let q(t) = 8*t**3 + t**2 + 7*t - 5. Let b be q(2). Calculate the highest common factor of b and 14.
7
Suppose 0 = 5*c - 5*f - 19 - 6, -25 = -5*f. What is the greatest common factor of 4 and c?
2
Let f be (-27)/(-2) - 3/2. What is the greatest common divisor of 24 and f?
12
Let n(k) be the third derivative of -k**5/60 + k**4/2 + 7*k**3/3 - 4*k**2. Let h be n(10). Let w = -23 + h. What is the greatest common divisor of 1 and w?
1
Let g be 7*1/(1/14). Let h(r) = r**2 - r - 76. Let w be h(10). What is the greatest common factor of g and w?
14
Let i = -797 - -1193. Suppose i = w + 3*w. Let s(l) = -2*l - 1. Let v be s(-5). What is the greatest common divisor of w and v?
9
Suppose 0 = -2*l - 2*z - 4, 0 = l - z + 3 - 1. Let x be 72/(-15) - l/(-10). Let w be (1 + x)/(-12 + 10). What is the highest common divisor of 2 and w?
2
Suppose -8*a = -9*a - 6. Let g(u) = 2*u + 18. Let c be g(a). What is the highest common factor of c and 16?
2
Let l = 669 - 653. Suppose 0 = 4*x + 6*g - 2*g + 52, 5*x + 4*g = -62. Let o be 6*-2*x/3. What is the greatest common factor of l and o?
8
Let d(n) = -96*n. Suppose 3*x = 12, -4*t + 10*x = 5*x + 24. Let b be d(t). Suppose y - 5*y = -b. Calculate the highest common factor of y and 6.
6
Suppose 6*l - 739 = 3041. Calculate the highest common divisor of l and 70.
70
Suppose 4 = 4*w, -w + 2*w = -3*n + 1. Suppose -172*r + 165*r + 273 = n. Let u = 234 + -39. What is the greatest common divisor of r and u?
39
Let s be 1 - (113 - -2)*-1. Calculate the greatest common divisor of 145 and s.
29
Let b(f) = 7*f**2 - f - 3. Let a be b(-3). Let o = -55 + 46. Let y = o - -18. Calculate the greatest common divisor of a and y.
9
Let c be 9/(-12)*(8 + -12). Suppose -66 = -c*k - 0*k. Let b(w) = 28*w - 1. Let j be b(2). What is the greatest common factor of k and j?
11
Suppose 0*g - 8*g = 368. Let l = 131 + g. Calculate the highest common divisor of 17 and l.
17
Let q(u) = -u**3 - 4*u**2 + 6*u + 3. Let s be q(-4). Let k(d) = d**2 - 4*d + 9. Let p be k(7). Let z = p + s. What is the greatest common factor of z and 45?
9
Suppose -5*c + 5*z - 20 = 0, c - 56 = 6*c + 4*z. Let g be -1 - c - (-1 + 0). Let s = 9804 - 9740. Calculate the greatest common factor of g and s.
8
Suppose 1936*a - 1925*a - 3432 = 0. Calculate the highest common divisor of 168 and a.
24
Suppose 0 = 8*d - 5*d - 12. Suppose -d*h - 40 + 132 = 0. What is the greatest common divisor of h and 138?
23
Suppose 4*r + 3*a - 1075 - 205 = 0, -2*a = 0. Calculate the highest common divisor of r and 100.
20
Let y(c) = -c**2 + 9*c - 14. Let z(p) = 2*p**3 - 4*p**2 + 3*p - 2. Let m be z(2). Let o be y(m). Calculate the highest common factor of o and 66.
6
Let a be 22/66 - 1390/(-6). What is the greatest common divisor of a and 203?
29
Suppose d - 42 + 14 = 3*i, 4*i + 33 = d. What is the greatest common factor of d and 130?
13
Suppose -3*o + 2*o = 8. Let x = o - -24. Let h(v) = 102*v - 436. Let l be h(6). Calculate the greatest common divisor of l and x.
16
Let s be (-2 - (-1)/(25/70))*1200. Calculate the greatest common factor of 30 and s.
30
Let z(o) = -4*o**2 + o. Let b be z(1). Let u be -57*((-2)/b + -1). Suppose 3*v - 345 = k - 122, v + 4*k = 96. Calculate the highest common factor of v and u.
19
Let i = 23 + 76. Calculate the highest common factor of i and 11.
11
Let k = 58 - -35. Suppose -241 + 1977 = 4*c. Suppose -11*g = -4*g - c. Calculate the highest common divisor of k and g.
31
Let c = -46 + 49. Suppose 1 = w, 46 - 214 = -c*h + 3*w. Calculate the highest common facto